243942337 composite?
True
Is 4359678613 a prime number?
True
Is 2925399293 composite?
True
Is 3205073161 a prime number?
False
Is 962840717 a composite number?
False
Is 2801179217 a composite number?
False
Is 4940671751 a composite number?
False
Is 54332183 a prime number?
True
Is 37324250629 prime?
True
Is 1138359071 prime?
True
Is 457255862078 composite?
True
Is 8234439353 a prime number?
False
Is 9495821 a composite number?
False
Is 12319229567 prime?
True
Is 1291738111 a composite number?
False
Is 230532662545 a prime number?
False
Is 3666008233 a prime number?
False
Is 1232423939 a composite number?
False
Is 2116110599 a prime number?
False
Is 1834804945 prime?
False
Is 26691194769 a prime number?
False
Is 16506772783 a composite number?
True
Is 5667504523 composite?
True
Is 51109657409 composite?
False
Is 790449223 a prime number?
False
Is 20814644803 composite?
False
Is 5870330563 composite?
False
Is 5518998577 a prime number?
True
Is 6033004967 composite?
True
Is 938658082 a composite number?
True
Is 8526721451 prime?
False
Is 202516259423 a composite number?
False
Is 10395293707 prime?
True
Is 123389471 prime?
True
Is 1426937461 a composite number?
False
Is 1434035553 a prime number?
False
Is 186083783 composite?
True
Is 774759437 a composite number?
False
Is 5715133469 composite?
True
Is 7115636923 a prime number?
True
Is 909186881 a composite number?
True
Is 13125286397 a prime number?
False
Is 780867383 a prime number?
False
Is 11209517309 a prime number?
False
Is 2445013 a prime number?
False
Is 37367059699 prime?
False
Is 23602259081 prime?
False
Is 5520668497 prime?
False
Is 177880721 a prime number?
False
Is 78696779911 composite?
False
Is 1493626369 prime?
True
Is 32375637391 a composite number?
False
Is 1307770249 a composite number?
True
Is 22767662681 composite?
True
Is 1698598021 prime?
True
Is 2114980277 prime?
False
Is 6020146919 a composite number?
False
Is 222432983 composite?
True
Is 4113065993 a composite number?
False
Is 179141717 a composite number?
True
Is 419882717 a prime number?
True
Is 555019151 composite?
True
Is 10631789099 composite?
False
Is 54338881 prime?
False
Is 96295299941 a prime number?
False
Is 4415306603 composite?
True
Is 43648528199 a composite number?
False
Is 570433813 prime?
True
Is 319804643 composite?
False
Is 88564982849 composite?
True
Is 41417366017 prime?
True
Is 21873939649 prime?
False
Is 11805982319 a composite number?
False
Is 644717201 composite?
True
Is 37006053043 a prime number?
True
Is 458071291 prime?
False
Is 9675713477 a prime number?
False
Is 3096212767 a composite number?
False
Is 522121811 a composite number?
True
Is 27369325859 composite?
False
Is 449055601 composite?
True
Is 11530213699 a prime number?
True
Is 1492737811 composite?
False
Is 997554821 a prime number?
True
Is 47432594791 composite?
False
Is 833322199 prime?
False
Is 6189575317 prime?
True
Is 1897328357 prime?
True
Is 1494639113 prime?
False
Is 34317204353 prime?
True
Is 1663152107 composite?
True
Is 557938309 composite?
False
Is 792158713 prime?
True
Is 133387358243 prime?
True
Is 242701219 composite?
True
Is 11092088759 a prime number?
True
Is 2888028887 a composite number?
True
Is 2375236169 prime?
False
Is 1634047211 a prime number?
False
Is 78554248211 a composite number?
False
Is 154571477 composite?
True
Is 147329571853 a composite number?
False
Is 21485635111 prime?
True
Is 44198604007 composite?
False
Is 867244373 a prime number?
True
Is 948619073 a composite number?
False
Is 1728255131 a prime number?
True
Is 11311612157 a prime number?
True
Is 68851702331 a composite number?
True
Is 76984169 a composite number?
True
Is 13184441989 a prime number?
False
Is 2754831061 prime?
True
Is 5571288187 composite?
True
Is 20926479671 a composite number?
True
Is 113828807669 composite?
False
Is 320866303 a composite number?
False
Is 2394427807 a prime number?
True
Is 19563729839 composite?
False
Is 3834637531 composite?
True
Is 85388143 a prime number?
False
Is 2643503483 composite?
False
Is 36986153 composite?
False
Is 159927378223 composite?
False
Is 20745056537 prime?
True
Is 57123063979 composite?
True
Is 1661932777 a prime number?
True
Is 41695524811 a prime number?
False
Is 1760017817 prime?
True
Is 9819088091 prime?
True
Is 4364326787 a composite number?
False
Is 46955505965 a composite number?
True
Is 2830103443 composite?
True
Is 55907815835 a composite number?
True
Is 2214409369 a prime number?
True
Is 8081774257 prime?
True
Is 1020951907 a composite number?
True
Is 131230651 a prime number?
True
Is 19242590659 composite?
False
Is 693465155 prime?
False
Is 914566953 composite?
True
Is 9050154199 composite?
False
Is 80215919029 composite?
True
Is 893967329 a prime number?
True
Is 1041607633 composite?
True
Is 118789654849 composite?
True
Is 1065115241 composite?
False
Is 5613243253 a composite number?
True
Is 39750351167 prime?
False
Is 35063983699 composite?
True
Is 344630701 prime?
True
Is 11159482757 composite?
False
Is 1447798141 prime?
True
Is 613799477 composite?
True
Is 89456695 a prime number?
False
Is 19848906841 a prime number?
False
Is 1627886647 prime?
False
Is 132619585519 prime?
True
Is 600602461 a prime number?
False
Is 2615971199 prime?
True
Is 33885469 a prime number?
False
Is 3009888919 prime?
False
Is 90639863345 a prime number?
False
Is 10403315551 composite?
True
Is 35480081473 a composite number?
False
Is 54396083279 prime?
True
Is 2919023017 a prime number?
False
Is 33584654603 a prime number?
False
Is 5057115017 a prime number?
True
Is 1286821829 composite?
True
Is 7431596509 a composite number?
True
Is 53679404651 composite?
True
Is 387411559 a composite number?
False
Is 8743377187 a composite number?
False
Is 359859391 a prime number?
False
Is 19834757601 composite?
True
Is 38172698021 a composite number?
False
Is 421494889 composite?
True
Is 357204873 composite?
True
Is 7761755459 composite?
False
Is 240036271 prime?
True
Is 47846563 prime?
True
Is 1744076219 a composite number?
False
Is 2351546917 a composite number?
False
Is 879253097 prime?
False
Is 13332852469 a composite number?
True
Is 22353591787 a prime number?
True
Is 10463441 composite?
False
Is 191748715 composite?
True
Is 3520490151 a prime number?
False
Is 1774565987 a prime number?
True
Is 25163550257 prime?
False
Is 2475073317 a prime number?
False
Is 200353913 a prime number?
True
Is 27490506794 a prime number?
False
Is 2207420079 composite?
True
Is 43400163619 prime?
True
Is 1375603961 composite?
False
Is 1159483343 a composite number?
True
Is 13021982594 a composite number?
True
Is 387305489 prime?
True
Is 411570403 a prime number?
False
Is 4061359 a prime number?
False
Is 1224418471 composite?
False
Is 2534295433 a composite number?
True
Is 413550551 a composite number?
True
Is 64032878447 a composite number?
False
Is 742663237 composite?
True
Is 1145580041 prime?
True
Is 237162201059 prime?
False
Is 258365243 composite?
False
Is 17640487237 prime?
False
Is 402251622953 composite?
False
Is 377481007 a composite number?
True
Is 27700925017 a composite number?
False
Is 1661595197 composite?
False
Is 23510237 composite?
True
Is 93969390841 prime?
True
Is 3509766749 a prime number?
True
Is 26815513873 a prime number?
False
Is 1252032791 composite?
True
Is 48602044619 a composite number?
True
Is 10157491481 a prime number?
False
Is 2004391523 a composite number?
False
Is 18702214563 a prime number?
False
Is 150024767209 prime?
False
Is 24989208373 a composite number?
False
Is 15858643459 a composite number?
True
Is 13220380603 a prime number?
False
Is 1440255394 a composite number?
True
Is 2937075241 prime?
True
Is 3021970429 composite?
False
Is 41864105719 a composite number?
False
Is 78798748079 composite?
False
Is 4966688071 prime?
True
Is 3483708947 a composite number?
False
Is 238346107 a prime number?
False
Is 34700509 a composite number?
False
Is 49117087303 composite?
True
Is 2127174103 a composite number?
False
Is 11687045519 a prime number?
True
Is 39934773397 composite?
False
Is 5290887257 a composite number?
True
Is 1550805481 a prime number?
True
Is 13174188863 composite?
True
Is 2070829811 prime?
True
Is 198434575289 prime?
False
Is 254295823 a composite number?
False
Is 645719483 a composi